12. Let b = h - -22. Calculate the greatest common factor of b and a.
9
Let q(w) = w + 8. Let s be q(-6). Let f be (24/9)/(s/3). What is the greatest common divisor of 20 and f?
4
Suppose -3*i + 5*l - 198 = -6*i, -2*i + 132 = l. Suppose -4*c + 4*w - 56 = 0, 4*w = -0 - 16. Let d = i + c. Calculate the greatest common factor of d and 12.
12
Let b(t) = 44*t**3 + 2*t - 1. Let s be b(1). Suppose -2*o - d + 380 = 0, o + 2*d = 139 + s. Let p = o - -8. Calculate the highest common divisor of 25 and p.
25
Suppose 5*q - 10 = -c, 0 = -4*q + 5*c - 16 - 5. Let m be 2 + q - 3/((-12)/4). What is the greatest common factor of 20 and m?
4
Let x = 11 + -10. Let f be 4*x + 442/17. Calculate the highest common factor of 20 and f.
10
Let k be (-14 - 2148)*-2*(-5)/(-20). What is the greatest common divisor of 94 and k?
47
Let h(u) = 32*u**2 + 2*u**2 - 11*u + 12*u - 2. Let y be h(2). What is the greatest common factor of 17 and y?
17
Suppose l = 2*d - 2, -4*d - l - 3*l + 16 = 0. Suppose -4*z = -d*r - 52 - 4, 0 = -2*r. What is the greatest common factor of z and 70?
14
Let w = -2109 + 6635. Calculate the greatest common divisor of 146 and w.
146
Suppose -5*w - 25 = 0, -2*w + 2 = 3*m - 3. Suppose 2*t = m*u - 56, 4*t + 8 = -2*u + 40. Suppose j + 0 = 4. Calculate the greatest common divisor of u and j.
4
Suppose -40*f + 904 = -1616. Suppose 4*v + 16 = 0, y + 1 - 2 = -2*v. Calculate the greatest common factor of y and f.
9
Let l(m) = -m**3 + 50*m**2 + m - 36. Let i be l(50). What is the greatest common factor of 175 and i?
7
Let p = 20 - -574. Suppose p = 11*d - 5*d. What is the highest common divisor of d and 11?
11
Let v(x) = x**3 - 8*x**2 + 11*x + 3. Suppose 2*u - 26 = 3*a - 5*a, 10 = 2*a. Let g be v(u). What is the highest common factor of g and 13?
13
Let u = 903 + -221. What is the greatest common divisor of 62 and u?
62
Suppose 0 = 29*n - 92*n + 12096. What is the highest common divisor of n and 20?
4
Suppose 0 = -4*t + 29 - 17. Let b = t + 36. Let r = b + -28. What is the greatest common factor of r and 44?
11
Suppose 127*t - 122*t = 2585. What is the greatest common factor of 47 and t?
47
Suppose 22*z - 7*z = 630. Calculate the highest common divisor of z and 294.
42
Suppose l - 3*v + 8 = 0, 2*l - 2*v = 3*v - 11. Let t = l + -2. Suppose 0*i + 3 = i, g + t*i - 119 = 0. Calculate the highest common factor of g and 13.
13
Let g(v) = 5*v**2. Let q be g(-1). Suppose h + 8 = -h + 2*z, -q*z = -25. Let n = -6 - -13. What is the highest common divisor of h and n?
1
Let o(c) = c - 18. Let l be o(21). Let w be l/(-8) - 1292/(-32). What is the greatest common factor of w and 440?
40
Suppose 0 = -3*k + 2*d - 47, 4*d - 5 = 2*k + 13. Let o = k + 69. What is the greatest common divisor of 75 and o?
25
Let a = 5 + 7. Let m be 2*a/9*9. Calculate the highest common factor of 6 and m.
6
Suppose -17*p + 375 = 8*p. What is the highest common divisor of p and 3?
3
Let g(v) = v**3 + 2*v**2 - 4*v + 1. Let s be g(3). Suppose -3*d + 8 = -s. Suppose -112 = -5*k + 4*k. What is the highest common factor of k and d?
14
Let p(i) be the third derivative of -11*i**4/8 + 7*i**3/3 + 8*i**2. Let a be p(-7). What is the highest common divisor of a and 35?
35
Let h(w) = 3*w**2 + 31*w + 76. Let x be h(-3). Calculate the highest common factor of x and 50.
10
Suppose -42*y = -70*y + 3192. Calculate the highest common factor of 6 and y.
6
Let m(u) = -17*u - 1. Suppose -5*q = z - 4, 3*q = -0*q + 3. Let d be m(z). What is the highest common divisor of d and 8?
8
Let w = 179 - 125. Let g = -47 + w. What is the greatest common divisor of g and 14?
7
Let w(f) = -f**3 + 2*f**2 + 3*f + 63. Let s be w(0). Calculate the greatest common divisor of s and 693.
63
Let m = 78 + -75. Suppose -c - 110 = -5*o, 4*o + 6*c - m*c = 107. Calculate the highest common factor of o and 299.
23
Let b(j) = -20*j - 2. Let f be b(-1). Let l be (f/(-12))/((-2)/176). What is the greatest common factor of l and 12?
12
Let f be 6/4*(30/9 - 0). Suppose 5*o = 4*y + 30, 3*o - 13 = -f*y + 5. What is the greatest common factor of o and 54?
6
Suppose 467*p = 455*p + 1680. What is the highest common factor of 175 and p?
35
Let q be -3 - (14 - (2 + (0 - -1))). Let g(j) = -4*j + 1. Let y be g(q). What is the highest common factor of y and 95?
19
Let t(c) = c**3 + 13*c**2 - 12*c - 2. Let f be t(-12). Calculate the highest common factor of 44 and f.
22
Let o be ((-9)/(-6))/((-1)/(-2)). Suppose 2*i + 53 + 17 = 2*j, -4*j - 3*i = -126. Let w = j - 30. Calculate the greatest common factor of o and w.
3
Let m be (3 + 21)/6*1. Let p be (-3)/(-9) - 28/(-6). Suppose p = k + m*k. What is the greatest common factor of 9 and k?
1
Let n be (10/3)/((-2)/225*-3). Suppose 3*t - n = -l, t - 3*l + 7*l - 38 = 0. Calculate the greatest common factor of t and 63.
21
Let d be 1232/121 - 2/11. Let t be (-70)/28*(-56)/d. Suppose 0 = -2*v + 4*v - t. Calculate the greatest common divisor of 35 and v.
7
Let x be 201 + (-9)/((-9)/7). Let m be -39*(-4)/18*3. What is the greatest common factor of m and x?
26
Let n be (-39)/((-2 - -1) + 3)*-2. Suppose 3*k + 43 = -44. Let w = k - -42. What is the highest common factor of w and n?
13
Let c be ((-377)/(-52))/((-3)/(-96)). Calculate the highest common factor of c and 58.
58
Let g = 29 - -59. What is the highest common divisor of g and 8?
8
Let o be (1 + (-5)/3)/(10/(-225)). Calculate the highest common factor of o and 25.
5
Suppose 23*q + 4*q - 3591 = 0. What is the greatest common factor of 21 and q?
7
Let s be -1*(4/4 - 217). Let c be (-6)/12*(-4 - 0). Let x = c - -25. What is the highest common factor of s and x?
27
Let n(i) = -i**3 - 4*i**2 + 12. Let j(d) = 3*d**3 + 5*d**2. Let a be j(-2). Let z be n(a). What is the highest common divisor of 96 and z?
12
Let n(a) = 6 - 15 + 14*a - 43. Let i be n(6). What is the highest common factor of i and 352?
32
Suppose 2*k - 140 = -4. Let r = k + -50. Let g = -267 + 429. Calculate the greatest common divisor of g and r.
18
Let b be (138/(-5))/(12/(-80)). Suppose -14*i + b = -13*i. Calculate the highest common divisor of 23 and i.
23
Let f be (32/4)/(2/3). Let m(u) = -51*u - 3. Let z be m(-6). Let x = -207 + z. Calculate the highest common divisor of f and x.
12
Let a be (-4)/6 - (-44)/12. Suppose a*t - 218 = -53. Suppose 4*b - 6*b - 4*r + 6 = 0, 4*r + 16 = 0. What is the greatest common divisor of b and t?
11
Suppose -3*x - 40 = -5*s, 2*s + 2*x - 14 = 18. Calculate the greatest common factor of s and 132.
11
Let c be ((-304)/95)/((-2)/80). Calculate the greatest common factor of c and 8.
8
Suppose 0 = 80*k - 79*k - 558. What is the greatest common factor of 62 and k?
62
Let y = -116 - -106. Let j be 1260/21*(-4)/y. Calculate the highest common factor of j and 3.
3
Let z(s) = -24 - 3*s - 3 - 11*s + 1. Let b be z(-3). Calculate the highest common factor of b and 16.
16
Suppose 3*i = -i + 132. Let n(b) = 66*b**2 + 6*b - 12. Let a be n(2). Calculate the greatest common factor of i and a.
33
Let s = -7 - -11. Suppose -50 - 14 = -s*f. Calculate the greatest common factor of 8 and f.
8
Let o = -105 - -173. Suppose -2*a + o = 14. What is the greatest common factor of 27 and a?
27
Let f(s) = -12*s - 20. Let o be f(-42). What is the greatest common factor of 22 and o?
22
Let a = -16 + 18. Suppose -l + a = -0*l + v, 3*v + 9 = 0. Calculate the highest common divisor of 80 and l.
5
Suppose -v + 25 = 7. Suppose 4*k + 248 = 4*n, -3*n - 276 = -0*k + 4*k. Let y = 132 - k. What is the greatest common divisor of v and y?
18
Let z = -2516 - -2642. Calculate the greatest common factor of z and 63.
63
Suppose -687*c - 690 = -692*c. What is the greatest common divisor of 12 and c?
6
Let w be (1323/14)/21*(-1 - -41). Calculate the greatest common divisor of 20 and w.
20
Let h be (1 - 0)/(0 - 8/152). Let n = 43 + h. Calculate the greatest common divisor of n and 24.
24
Let z(t) = t**3 + 5*t**2 - 7*t - 2. Let q be z(-6). Suppose -q*k - 9 = 2*r - 41, r - 20 = -4*k. Calculate the highest common divisor of 12 and r.
12
Let q be (0 + 7)*1 - 3. Suppose -5*b - 50 = -4*d - 0*d, 46 = q*d - 3*b. What is the highest common divisor of d and 90?
10
Suppose -1 = 2*r - 23. Let c be 2/(-13) + 30/(-156)*-58. Calculate the highest common factor of r and c.
11
Suppose -3*i - 10*g + 114 = -13*g, 3 = g. What is the greatest commo